lse
Is 12302 composite?
True
Is 74219 a prime number?
True
Is 605837 prime?
True
Is 13367 a composite number?
False
Is 202469 prime?
False
Is 93047 a prime number?
True
Is 45707 composite?
False
Is 81157 prime?
True
Is 534605 a prime number?
False
Is 5191 composite?
True
Is 178021 prime?
True
Is 2245 composite?
True
Is 3409 a composite number?
True
Is 13397 a prime number?
True
Is 188197 prime?
True
Is 15013 a composite number?
False
Is 4987 a prime number?
True
Is 16571 a composite number?
True
Is 887 a composite number?
False
Is 100873 prime?
False
Is 2153 a prime number?
True
Is 801151 prime?
False
Is 193339 a prime number?
False
Is 184949 composite?
False
Is 17926 composite?
True
Is 901951 a composite number?
True
Is 3554 a composite number?
True
Is 18979 composite?
False
Is 372361 prime?
False
Is 492893 a prime number?
True
Is 246763 composite?
True
Is 89734 prime?
False
Is 492467 a composite number?
False
Is 8633 a prime number?
False
Is 361919 prime?
True
Is 539353 composite?
True
Is 1097 a prime number?
True
Is 4957 prime?
True
Is 67817 a composite number?
True
Is 153407 prime?
True
Is 548357 composite?
True
Is 31757 a composite number?
True
Is 80621 a prime number?
True
Is 5077 composite?
False
Is 1319 prime?
True
Is 854203 composite?
True
Is 9311 prime?
True
Is 10301 a prime number?
True
Is 888247 a composite number?
False
Is 168127 prime?
True
Is 489427 composite?
False
Is 4409 prime?
True
Is 5669 composite?
False
Is 37217 a prime number?
True
Is 26821 prime?
True
Is 7669 a composite number?
False
Is 24131 prime?
False
Is 488549 composite?
True
Is 4584139 a prime number?
False
Is 979867 a composite number?
True
Is 19207 a composite number?
False
Is 591433 a composite number?
True
Is 11263 composite?
True
Is 14491 prime?
False
Is 12646 prime?
False
Is 487211 prime?
True
Is 60017 composite?
False
Is 722611 a composite number?
False
Is 166429 a prime number?
True
Is 12071 composite?
False
Is 50755 a prime number?
False
Is 2245 a prime number?
False
Is 117779 a composite number?
False
Is 119539 prime?
False
Is 10979 prime?
True
Is 864137 a prime number?
True
Is 160705 composite?
True
Is 23953 composite?
True
Is 680527 a prime number?
False
Is 430679 prime?
False
Is 11287 composite?
False
Is 68351 a composite number?
False
Is 3265 a prime number?
False
Is 49277 composite?
False
Is 33779 a prime number?
False
Is 4177237 a prime number?
False
Is 91763 composite?
True
Is 2789141 a prime number?
False
Is 2813 composite?
True
Is 8663 a composite number?
False
Is 32489 a prime number?
False
Is 37057 prime?
True
Is 457757 prime?
True
Is 1150159 prime?
True
Is 112087 a composite number?
False
Is 260383 composite?
True
Is 41569 a composite number?
True
Is 565 prime?
False
Is 1255 a prime number?
False
Is 243887 composite?
True
Is 9533 a composite number?
False
Is 4177 composite?
False
Is 2866 a prime number?
False
Is 182693 composite?
True
Is 84451 a composite number?
True
Is 1259 a prime number?
True
Is 51445 composite?
True
Is 766979 a prime number?
False
Is 167801 prime?
True
Is 1419233 prime?
True
Is 797 a composite number?
False
Is 116131 prime?
True
Is 614 a prime number?
False
Is 386 prime?
False
Is 3155 a prime number?
False
Is 380343 a prime number?
False
Is 42821 composite?
False
Is 38593 a prime number?
True
Is 4699 a composite number?
True
Is 65407 a composite number?
False
Is 18267 composite?
True
Is 13859 a composite number?
False
Is 3683 composite?
True
Is 155251 a composite number?
False
Is 787973 a prime number?
True
Is 141689 a prime number?
True
Is 8369 a composite number?
False
Is 45411 composite?
True
Is 89617 prime?
False
Is 9691 prime?
False
Is 13577 a prime number?
True
Is 203843 a composite number?
False
Is 15689 prime?
False
Is 346387 a composite number?
True
Is 217435 a prime number?
False
Is 76319 a composite number?
True
Is 438661 a prime number?
True
Is 13033 composite?
False
Is 34211 prime?
True
Is 281213 composite?
True
Is 8117 composite?
False
Is 139661 composite?
False
Is 1543 a composite number?
False
Is 70991 composite?
False
Is 3415 prime?
False
Is 909147 a prime number?
False
Is 706285 prime?
False
Is 849081 prime?
False
Is 17287 a prime number?
False
Is 13641 a prime number?
False
Is 630761 a prime number?
False
Is 8819 prime?
True
Is 3127 a prime number?
False
Is 4987 a composite number?
False
Is 842833 a composite number?
True
Is 10529 a prime number?
True
Is 226167 composite?
True
Is 52249 prime?
True
Is 850417 prime?
True
Is 2479 a composite number?
True
Is 8329 prime?
True
Is 2827 prime?
False
Is 1441289 composite?
False
Is 1514867 prime?
True
Is 3103 a prime number?
False
Is 96542 a composite number?
True
Is 85661 composite?
False
Is 1137 composite?
True
Is 99079 a composite number?
False
Is 31877 a prime number?
False
Is 281797 composite?
False
Is 28803 a composite number?
True
Is 41273 composite?
True
Is 236609 composite?
False
Is 24935 composite?
True
Is 92249 a composite number?
True
Is 13553 a prime number?
True
Is 1916735 a composite number?
True
Is 569839 composite?
False
Is 102463 a prime number?
False
Is 600731 a composite number?
True
Is 4333 prime?
False
Is 77 prime?
False
Is 10937 prime?
True
Is 1281055 a composite number?
True
Is 350601 a composite number?
True
Is 11589 prime?
False
Is 63619 a prime number?
False
Is 2940835 a prime number?
False
Is 89303 prime?
True
Is 376163 a prime number?
False
Is 104527 a composite number?
False
Is 6947 composite?
False
Is 27509 composite?
False
Is 69877 prime?
True
Is 5813 a prime number?
True
Is 212183 prime?
True
Is 674629 a composite number?
True
Is 9577 a composite number?
True
Is 20267 a composite number?
True
Is 268291 prime?
True
Is 12841 composite?
False
Is 1945 composite?
True
Is 27449 a prime number?
True
Is 882991 a composite number?
True
Is 9277 prime?
True
Is 13033 a prime number?
True
Is 605719 prime?
True
Is 23083 prime?
False
Is 264773 prime?
False
Is 473971 composite?
False
Is 1016319 a prime number?
False
Is 28349 prime?
True
Is 1259 a composite number?
False
Is 142097 a prime number?
True
Is 723787 a composite number?
True
Is 12889 a composite number?
False
Is 183151 composite?
False
Is 104507 composite?
True
Is 345073 composite?
True
Is 1567 prime?
True
Is 47935 composite?
True
Is 265079 a prime number?
True
Is 176887 a prime number?
True
Is 4141 a prime number?
False
Is 3589 a prime number?
False
Is 2999 a composite number?
False
Is 2588669 a composite number?
False
Is 1231851 composite?
True
Is 6121 composite?
False
Is 16537 a composite number?
True
Is 25177 a composite number?
True
Is 494779 a composite number?
True
Is 3389 a composite number?
False
Is 46609 a composite number?
True
Is 187751 a prime number?
True
Is 47723 composite?
True
Is 185849 composite?
False
Is 222781 prime?
False
Is 668567 composite?
False
Is 153247 prime?
True
Is 32489 a composite number?
True
Is 86939 a composite number?
False
Is 36733 a composite number?
True
Is 71879 prime?
True
Is 335207 prime?
True
Is 317149 composite?
True
Is 688829 prime?
False
Is 24317 prime?
True
Is 4061335 prime?
False
Is 245719 a composite number?
False
Is 9803 prime?
True
Is 5167 prime?
True
Is 50555 a composite number?
True
Is 165811 a composite number?
False
Is 7463217 a composite number?
True
Is 46174 prime?
False
Is 677 a prime number?
True
Is 112939 a composite number?
False
Is 278801 a prime number?
True
Is 162923 composite?
True
Is 7403 a prime number?
False
Is 18637 a prime number?
True
Is 150949 prime?
False
Is 4843 prime?
False
Is 653 a composite number?
False
Is 2653 a prime number?
False
Is 16249 composite?
False
Is 21415 a composite number?
True
Is 228347 prime?
False
Is 57881 composite?
False
Is 68437 a composite number?
False
Is 363203 a composite number?
True
Is 152182 composite?
True
Is 950414 a composite number?
True
Is 7501 a prime number?
False
Is 7773 a prime number?
False
Is 16741 prime?
True
Is 66431 a prime number?
True
Is 767813 prime?
True
Is 395287 composite?
False
Is 592837 prime?
False
Is 51503 a prime number?
True
Is 333581 composite?
False
Is 267517 composite?
False
Is 112831 a composite number?
False
Is 11311 a prime number?
True
Is 404897 a prime number?
False
Is 4778 a prime number?
False
Is 499229 prime?
True
Is 172745 composite?
True
I